What is the remainder when 514 is divided by 43?
41
Calculate the remainder when 4781 is divided by 26.
23
Calculate the remainder when 796 is divided by 156.
16
Calculate the remainder when 113 is divided by 19.
18
Calculate the remainder when 47 is divided by 11.
3
Calculate the remainder when 194 is divided by 18.
14
What is the remainder when 596 is divided by 46?
44
Calculate the remainder when 6410 is divided by 20.
10
Calculate the remainder when 863 is divided by 16.
15
What is the remainder when 1217 is divided by 11?
7
Calculate the remainder when 2333 is divided by 41.
37
Calculate the remainder when 100 is divided by 41.
18
What is the remainder when 1423 is divided by 130?
123
Calculate the remainder when 6550 is divided by 234.
232
Calculate the remainder when 146 is divided by 22.
14
What is the remainder when 173 is divided by 30?
23
What is the remainder when 1037 is divided by 52?
49
Calculate the remainder when 32 is divided by 28.
4
Calculate the remainder when 492 is divided by 178.
136
Calculate the remainder when 341 is divided by 27.
17
What is the remainder when 656 is divided by 189?
89
Calculate the remainder when 530 is divided by 102.
20
Calculate the remainder when 2125 is divided by 125.
0
What is the remainder when 17 is divided by 12?
5
Calculate the remainder when 43 is divided by 10.
3
What is the remainder when 2476 is divided by 2464?
12
Calculate the remainder when 56 is divided by 8.
0
What is the remainder when 283 is divided by 46?
7
Calculate the remainder when 6361 is divided by 33.
25
What is the remainder when 303 is divided by 38?
37
What is the remainder when 215 is divided by 17?
11
What is the remainder when 1118 is divided by 555?
8
Calculate the remainder when 194 is divided by 66.
62
What is the remainder when 98 is divided by 85?
13
What is the remainder when 810 is divided by 139?
115
What is the remainder when 1648 is divided by 76?
52
Calculate the remainder when 158 is divided by 53.
52
Calculate the remainder when 734 is divided by 21.
20
Calculate the remainder when 314 is divided by 53.
49
What is the remainder when 55 is divided by 32?
23
What is the remainder when 227 is divided by 23?
20
Calculate the remainder when 19094 is divided by 335.
334
Calculate the remainder when 984 is divided by 33.
27
What is the remainder when 180 is divided by 7?
5
What is the remainder when 138 is divided by 31?
14
Calculate the remainder when 216 is divided by 68.
12
What is the remainder when 101 is divided by 52?
49
Calculate the remainder when 614 is divided by 75.
14
What is the remainder when 150 is divided by 26?
20
Calculate the remainder when 231 is divided by 125.
106
Calculate the remainder when 131 is divided by 73.
58
What is the remainder when 340 is divided by 133?
74
What is the remainder when 11349 is divided by 334?
327
Calculate the remainder when 493 is divided by 31.
28
Calculate the remainder when 135 is divided by 47.
41
Calculate the remainder when 143 is divided by 80.
63
Calculate the remainder when 1328 is divided by 190.
188
What is the remainder when 105 is divided by 37?
31
Calculate the remainder when 216 is divided by 68.
12
Calculate the remainder when 286 is divided by 78.
52
Calculate the remainder when 356 is divided by 51.
50
Calculate the remainder when 459 is divided by 81.
54
What is the remainder when 511 is divided by 9?
7
What is the remainder when 590 is divided by 11?
7
Calculate the remainder when 9211 is divided by 49.
48
What is the remainder when 6869 is divided by 14?
9
Calculate the remainder when 2300 is divided by 47.
44
What is the remainder when 2244 is divided by 30?
24
Calculate the remainder when 149 is divided by 84.
65
Calculate the remainder when 708 is divided by 173.
16
Calculate the remainder when 897 is divided by 822.
75
Calculate the remainder when 749 is divided by 139.
54
What is the remainder when 480 is divided by 26?
12
Calculate the remainder when 112 is divided by 23.
20
Calculate the remainder when 313 is divided by 61.
8
Calculate the remainder when 1670 is divided by 22.
20
What is the remainder when 599 is divided by 253?
93
Calculate the remainder when 1866 is divided by 1847.
19
Calculate the remainder when 126 is divided by 27.
18
Calculate the remainder when 271 is divided by 72.
55
What is the remainder when 13733 is divided by 915?
8
What is the remainder when 503 is divided by 14?
13
Calculate the remainder when 57 is divided by 31.
26
Calculate the remainder when 430 is divided by 27.
25
What is the remainder when 55 is divided by 34?
21
Calculate the remainder when 177 is divided by 23.
16
What is the remainder when 152 is divided by 9?
8
What is the remainder when 61 is divided by 52?
9
What is the remainder when 294 is divided by 37?
35
Calculate the remainder when 699 is divided by 26.
23
Calculate the remainder when 1829 is divided by 374.
333
Calculate the remainder when 2130 is divided by 164.
162
Calculate the remainder when 179 is divided by 90.
89
What is the remainder when 514 is divided by 14?
10
What is the remainder when 14192 is divided by 17?
14
What is the remainder when 1507 is divided by 58?
57
Calculate the remainder when 63 is divided by 16.
15
What is the remainder when 3608 is divided by 10?
8
Calculate the remainder when 220 is divided by 15.
10
What is the remainder when 88 is divided by 48?
40
Calculate the remainder when 1552 is divided by 769.
14
Calculate the remainder when 3303 is divided by 819.
27
What is the remainder when 1403 is divided by 22?
17
What is the remainder when 666 is divided by 96?
90
What is the remainder when 1687 is divided by 65?
62
What is the remainder when 6376 is divided by 58?
54
What is the remainder when 568 is divided by 13?
9
Calculate the remainder when 321 is divided by 311.
10
What is the remainder when 1044 is divided by 22?
10
Calculate the remainder when 18322 is divided by 12.
10
What is the remainder when 627 is divided by 311?
5
Calculate the remainder when 1211 is divided by 241.
6
Calculate the remainder when 223 is divided by 29.
20
Calculate the remainder when 1924 is divided by 640.
4
What is the remainder when 162 is divided by 87?
75
What is the remainder when 262 is divided by 53?
50
What is the remainder when 221 is divided by 34?
17
Calculate the remainder when 206 is divided by 23.
22
Calculate the remainder when 396 is divided by 386.
10
What is the remainder when 465 is divided by 12?
9
Calculate the remainder when 92 is divided by 72.
20
Calculate the remainder when 1115 is divided by 220.
15
What is the remainder when 612 is divided by 22?
18
Calculate the remainder when 525 is divided by 125.
25
What is the remainder when 258 is divided by 73?
39
Calculate the remainder when 2351 is divided by 3.
2
What is the remainder when 289 is divided by 10?
9
Calculate the remainder when 102 is divided by 56.
46
Calculate the remainder when 850 is divided by 72.
58
What is the remainder when 343 is divided by 78?
31
What is the remainder when 881 is divided by 437?
7
What is the remainder when 1215 is divided by 8?
7
Calculate the remainder when 440 is divided by 32.
24
What is the remainder when 196 is divided by 57?
25
Calculate the remainder when 41 is divided by 12.
5
Calculate the remainder when 200 is divided by 70.
60
Calculate the remainder when 190 is divided by 68.
54
What is the remainder when 6420 is divided by 14?
8
What is the remainder when 547 is divided by 242?
63
Calculate the remainder when 624 is divided by 19.
16
Calculate the remainder when 1163 is divided by 24.
11
What is the remainder when 235 is divided by 41?
30
Calculate the remainder when 126 is divided by 31.
2
What is the remainder when 2918 is divided by 139?
138
What is the remainder when 2583 is divided by 19?
18
What is the remainder when 243 is divided by 19?
15
Calculate the remainder when 42 is divided by 16.
10
Calculate the remainder when 2983 is divided by 15.
13
Calculate the remainder when 262 is divided by 24.
22
Calculate the remainder when 11063 is divided by 11.
8
Calculate the remainder when 117 is divided by 20.
17
What is the remainder when 9723 is divided by 389?
387
Calculate the remainder when 838 is divided by 210.
208
What is the re